{"id":691,"date":"2024-02-01T10:49:12","date_gmt":"2024-02-01T09:49:12","guid":{"rendered":"https:\/\/theflyingbike.be\/?page_id=691"},"modified":"2024-02-02T17:02:58","modified_gmt":"2024-02-02T16:02:58","slug":"mobilite-verte","status":"publish","type":"page","link":"https:\/\/theflyingbike.be\/?page_id=691","title":{"rendered":"Mobilit\u00e9 verte"},"content":{"rendered":"\n<div class=\"wp-block-group\"><div class=\"wp-block-group__inner-container is-layout-constrained wp-block-group-is-layout-constrained\"><style>.kb-row-layout-wrap.wp-block-kadence-rowlayout.kb-row-layout-id691_6bc43b-1e{margin-top:0px;margin-bottom:0px;}.kb-row-layout-id691_6bc43b-1e > .kt-row-column-wrap{align-content:start;}:where(.kb-row-layout-id691_6bc43b-1e > .kt-row-column-wrap) > .wp-block-kadence-column{justify-content:start;}.kb-row-layout-id691_6bc43b-1e > .kt-row-column-wrap{column-gap:var(--global-kb-gap-md, 2rem);row-gap:var(--global-kb-gap-md, 2rem);max-width:1375px;margin-left:auto;margin-right:auto;padding-top:0px;grid-template-columns:minmax(0, 1fr);}.kb-row-layout-id691_6bc43b-1e > .kt-row-layout-overlay{opacity:0.30;}.kb-row-layout-id691_6bc43b-1e .kt-row-layout-bottom-sep{height:63px;}.kb-row-layout-id691_6bc43b-1e .kt-row-layout-bottom-sep svg{width:100%;}.kb-row-layout-id691_6bc43b-1e .kt-row-layout-bottom-sep svg{fill:#ffffff!important;}.kb-row-layout-id691_6bc43b-1e .kt-row-layout-top-sep{height:73px;}.kb-row-layout-id691_6bc43b-1e .kt-row-layout-top-sep svg{width:100%;}.kb-row-layout-id691_6bc43b-1e .kt-row-layout-top-sep svg{fill:#ffffff!important;}@media all and (max-width: 1024px){.kb-row-layout-id691_6bc43b-1e > .kt-row-column-wrap{grid-template-columns:minmax(0, 1fr);}}@media all and (max-width: 1024px){.kb-row-layout-id691_6bc43b-1e .kt-row-layout-bottom-sep{height:px;}}@media all and (max-width: 1024px){.kb-row-layout-id691_6bc43b-1e .kt-row-layout-bottom-sep svg{width:%;}}@media all and (max-width: 767px){.kb-row-layout-id691_6bc43b-1e > .kt-row-column-wrap{grid-template-columns:minmax(0, 1fr);}.kb-row-layout-id691_6bc43b-1e .kt-row-layout-bottom-sep{height:px;}.kb-row-layout-id691_6bc43b-1e .kt-row-layout-bottom-sep svg{width:%;}}<\/style><div class=\"kb-row-layout-wrap kb-row-layout-id691_6bc43b-1e alignnone has-theme-palette1-background-color kt-row-has-bg wp-block-kadence-rowlayout\"><div class=\"kt-row-layout-bottom-sep kt-row-sep-type-wave\"><svg viewBox=\"0 0 1000 100\" preserveAspectRatio=\"none\"><path d=\"M1000,40c0,0 -120.077,-38.076 -250,-38c-129.923,0.076 -345.105,78 -500,78c-154.895,0 -250,-30 -250,-30l0,50l1000,0l0,-60Z\" \/><\/svg><\/div><div class=\"kt-row-column-wrap kt-has-1-columns kt-row-layout-equal kt-tab-layout-inherit kt-mobile-layout-row kt-row-valign-top\">\n<style>.kadence-column691_058198-b6 > .kt-inside-inner-col{display:flex;}.kadence-column691_058198-b6 > .kt-inside-inner-col{padding-top:0px;padding-bottom:var(--global-kb-spacing-xxl, 5rem);}.kadence-column691_058198-b6 > .kt-inside-inner-col,.kadence-column691_058198-b6 > .kt-inside-inner-col:before{border-top-left-radius:0px;border-top-right-radius:0px;border-bottom-right-radius:0px;border-bottom-left-radius:0px;}.kadence-column691_058198-b6 > .kt-inside-inner-col{row-gap:0px;column-gap:var(--global-kb-gap-sm, 1rem);}.kadence-column691_058198-b6 > .kt-inside-inner-col{flex-direction:column;}.kadence-column691_058198-b6 > .kt-inside-inner-col > .aligncenter{width:100%;}.kadence-column691_058198-b6 > .kt-inside-inner-col:before{opacity:0.3;}.kadence-column691_058198-b6{position:relative;}@media all and (max-width: 1024px){.kadence-column691_058198-b6 > .kt-inside-inner-col{flex-direction:column;justify-content:center;}}@media all and (max-width: 767px){.kadence-column691_058198-b6 > .kt-inside-inner-col{flex-direction:column;justify-content:center;}}<\/style>\n<div class=\"wp-block-kadence-column kadence-column691_058198-b6 kb-section-dir-vertical\"><div class=\"kt-inside-inner-col\">\n<h3 class=\"wp-block-heading has-text-align-center has-larger-font-size\"><mark style=\"background-color:rgba(0, 0, 0, 0)\" class=\"has-inline-color has-theme-palette-2-color\">Mobilit\u00e9 verte<\/mark><\/h3>\n\n\n\n<p><strong><mark style=\"background-color:rgba(0, 0, 0, 0)\" class=\"has-inline-color has-theme-palette-3-color\">Bienvenue chez The Flying Bike ! En tant qu&#8217;\u00e9lectricien \u00e9coresponsable, je privil\u00e9gie le v\u00e9lo cargo, contribuant ainsi \u00e0 la <\/mark><mark style=\"background-color:rgba(0, 0, 0, 0)\" class=\"has-inline-color has-theme-palette-2-color\">pr\u00e9servation de l&#8217;environnement<\/mark><mark style=\"background-color:rgba(0, 0, 0, 0)\" class=\"has-inline-color has-theme-palette-3-color\">.<\/mark><\/strong><\/p>\n\n\n\n<p><strong><mark style=\"background-color:rgba(0, 0, 0, 0)\" class=\"has-inline-color has-theme-palette-3-color\">Avantages de la Mobilit\u00e9 Verte :<\/mark><\/strong><\/p>\n\n\n\n<ol class=\"wp-block-list\">\n<li><strong><mark style=\"background-color:rgba(0, 0, 0, 0)\" class=\"has-inline-color has-theme-palette-3-color\">Respect de l&#8217;Environnement : Le choix du v\u00e9lo comme moyen de transport est ma contribution \u00e0 la pr\u00e9servation de la plan\u00e8te, r\u00e9duisant les \u00e9missions et<\/mark><mark style=\"background-color:rgba(0, 0, 0, 0)\" class=\"has-inline-color has-theme-palette-2-color\"> minimisant mon empreinte carbone<\/mark><mark style=\"background-color:rgba(0, 0, 0, 0)\" class=\"has-inline-color has-theme-palette-3-color\">.<\/mark><\/strong><\/li>\n\n\n\n<li><strong><mark style=\"background-color:rgba(0, 0, 0, 0)\" class=\"has-inline-color has-theme-palette-3-color\">Rapidit\u00e9 et R\u00e9activit\u00e9 : Le v\u00e9lo me permet d&#8217;assurer une r\u00e9activit\u00e9 maximale en me d\u00e9pla\u00e7ant <\/mark><mark style=\"background-color:rgba(0, 0, 0, 0)\" class=\"has-inline-color has-theme-palette-2-color\">rapidement dans votre quartier<\/mark><mark style=\"background-color:rgba(0, 0, 0, 0)\" class=\"has-inline-color has-theme-palette-3-color\"> et surtout, pas de probl\u00e8me de parking r\u00e9duisant ainsi les temps d&#8217;attente.<\/mark><\/strong><\/li>\n\n\n\n<li><strong><mark style=\"background-color:rgba(0, 0, 0, 0)\" class=\"has-inline-color has-theme-palette-3-color\">Accessibilit\u00e9 : Gr\u00e2ce au v\u00e9lo, j&#8217;<\/mark><mark style=\"background-color:rgba(0, 0, 0, 0)\" class=\"has-inline-color has-theme-palette-2-color\">acc\u00e8de facilement aux endroits<\/mark><mark style=\"background-color:rgba(0, 0, 0, 0)\" class=\"has-inline-color has-theme-palette-3-color\"> o\u00f9 les v\u00e9hicules motoris\u00e9s pourraient avoir du mal \u00e0 atteindre, garantissant une prise en charge efficace de vos besoins \u00e9lectriques.<\/mark><\/strong><\/li>\n<\/ol>\n\n\n\n<p><mark style=\"background-color:rgba(0, 0, 0, 0)\" class=\"has-inline-color has-theme-palette-3-color\"><strong>Chaque d\u00e9placement \u00e0 v\u00e9lo n&#8217;est pas seulement un choix \u00e9cologique, mais une d\u00e9claration d&#8217;engagement envers la durabilit\u00e9 et la qualit\u00e9 de service<\/strong>.<\/mark><\/p>\n<\/div><\/div>\n\n<\/div><\/div><\/div><\/div>\n\n\n\n<div class=\"wp-block-group alignfull\"><div class=\"wp-block-group__inner-container is-layout-constrained wp-block-group-is-layout-constrained\"><style>.kb-row-layout-wrap.wp-block-kadence-rowlayout.kb-row-layout-id691_bd4cdc-be{margin-top:0px;margin-bottom:0px;}.kb-row-layout-id691_bd4cdc-be > .kt-row-column-wrap{align-content:center;}:where(.kb-row-layout-id691_bd4cdc-be > .kt-row-column-wrap) > .wp-block-kadence-column{justify-content:center;}.kb-row-layout-id691_bd4cdc-be > .kt-row-column-wrap{column-gap:var(--global-kb-gap-md, 2rem);row-gap:var(--global-kb-gap-md, 2rem);max-width:1337px;margin-left:auto;margin-right:auto;padding-top:var(--global-kb-spacing-md, 2rem);padding-right:var(--global-kb-spacing-lg, 3rem);padding-bottom:var(--global-kb-spacing-lg, 3rem);padding-left:var(--global-kb-spacing-lg, 3rem);}.kb-row-layout-id691_bd4cdc-be > .kt-row-column-wrap > div:not(.added-for-specificity){grid-column:initial;}.kb-row-layout-id691_bd4cdc-be > .kt-row-column-wrap{grid-template-columns:repeat(4, minmax(0, 1fr));}.kb-row-layout-id691_bd4cdc-be{border-top-left-radius:0px;}.kb-row-layout-id691_bd4cdc-be > .kt-row-layout-overlay{opacity:0.30;}@media all and (max-width: 1024px){.kb-row-layout-id691_bd4cdc-be > .kt-row-column-wrap > div:not(.added-for-specificity){grid-column:initial;}}@media all and (max-width: 1024px){.kb-row-layout-id691_bd4cdc-be > .kt-row-column-wrap{grid-template-columns:repeat(4, minmax(0, 1fr));}}@media all and (max-width: 767px){.kb-row-layout-id691_bd4cdc-be > .kt-row-column-wrap > div:not(.added-for-specificity){grid-column:initial;}.kb-row-layout-id691_bd4cdc-be > .kt-row-column-wrap{grid-template-columns:minmax(0, 1fr);}}<\/style><div class=\"kb-row-layout-wrap kb-row-layout-id691_bd4cdc-be alignnone has-theme-palette1-background-color kt-row-has-bg wp-block-kadence-rowlayout\"><div class=\"kt-row-column-wrap kt-has-4-columns kt-row-layout-equal kt-tab-layout-inherit kt-mobile-layout-row kt-row-valign-middle\">\n<style>.kadence-column691_b93126-3f > .kt-inside-inner-col,.kadence-column691_b93126-3f > .kt-inside-inner-col:before{border-top-left-radius:0px;border-top-right-radius:0px;border-bottom-right-radius:0px;border-bottom-left-radius:0px;}.kadence-column691_b93126-3f > .kt-inside-inner-col{column-gap:var(--global-kb-gap-sm, 1rem);}.kadence-column691_b93126-3f > .kt-inside-inner-col{flex-direction:column;}.kadence-column691_b93126-3f > .kt-inside-inner-col > .aligncenter{width:100%;}.kadence-column691_b93126-3f > .kt-inside-inner-col:before{opacity:0.3;}.kadence-column691_b93126-3f{position:relative;}@media all and (max-width: 1024px){.kadence-column691_b93126-3f > .kt-inside-inner-col{flex-direction:column;justify-content:center;}}@media all and (max-width: 767px){.kadence-column691_b93126-3f > .kt-inside-inner-col{flex-direction:column;justify-content:center;}}<\/style>\n<div class=\"wp-block-kadence-column kadence-column691_b93126-3f\"><div class=\"kt-inside-inner-col\">\n<figure data-wp-context=\"{&quot;imageId&quot;:&quot;69ece1840114c&quot;}\" data-wp-interactive=\"core\/image\" data-wp-key=\"69ece1840114c\" class=\"wp-block-image size-full is-resized wp-lightbox-container\"><img loading=\"lazy\" decoding=\"async\" width=\"1572\" height=\"1572\" data-wp-class--hide=\"state.isContentHidden\" data-wp-class--show=\"state.isContentVisible\" data-wp-init=\"callbacks.setButtonStyles\" data-wp-on--click=\"actions.showLightbox\" data-wp-on--load=\"callbacks.setButtonStyles\" data-wp-on-window--resize=\"callbacks.setButtonStyles\" src=\"http:\/\/theflyingbike.be\/wp-content\/uploads\/2024\/02\/1000007640.jpg\" alt=\"\" class=\"wp-image-698\" style=\"width:280px;height:auto\" srcset=\"https:\/\/theflyingbike.be\/wp-content\/uploads\/2024\/02\/1000007640.jpg 1572w, https:\/\/theflyingbike.be\/wp-content\/uploads\/2024\/02\/1000007640-300x300.jpg 300w, https:\/\/theflyingbike.be\/wp-content\/uploads\/2024\/02\/1000007640-1024x1024.jpg 1024w, https:\/\/theflyingbike.be\/wp-content\/uploads\/2024\/02\/1000007640-150x150.jpg 150w, https:\/\/theflyingbike.be\/wp-content\/uploads\/2024\/02\/1000007640-768x768.jpg 768w, https:\/\/theflyingbike.be\/wp-content\/uploads\/2024\/02\/1000007640-1536x1536.jpg 1536w\" sizes=\"auto, (max-width: 1572px) 100vw, 1572px\" \/><button\n\t\t\tclass=\"lightbox-trigger\"\n\t\t\ttype=\"button\"\n\t\t\taria-haspopup=\"dialog\"\n\t\t\taria-label=\"Agrandir\"\n\t\t\tdata-wp-init=\"callbacks.initTriggerButton\"\n\t\t\tdata-wp-on--click=\"actions.showLightbox\"\n\t\t\tdata-wp-style--right=\"state.imageButtonRight\"\n\t\t\tdata-wp-style--top=\"state.imageButtonTop\"\n\t\t>\n\t\t\t<svg xmlns=\"http:\/\/www.w3.org\/2000\/svg\" width=\"12\" height=\"12\" fill=\"none\" viewBox=\"0 0 12 12\">\n\t\t\t\t<path fill=\"#fff\" d=\"M2 0a2 2 0 0 0-2 2v2h1.5V2a.5.5 0 0 1 .5-.5h2V0H2Zm2 10.5H2a.5.5 0 0 1-.5-.5V8H0v2a2 2 0 0 0 2 2h2v-1.5ZM8 12v-1.5h2a.5.5 0 0 0 .5-.5V8H12v2a2 2 0 0 1-2 2H8Zm2-12a2 2 0 0 1 2 2v2h-1.5V2a.5.5 0 0 0-.5-.5H8V0h2Z\" \/>\n\t\t\t<\/svg>\n\t\t<\/button><\/figure>\n<\/div><\/div>\n\n\n<style>.kadence-column691_243eaf-70 > .kt-inside-inner-col,.kadence-column691_243eaf-70 > .kt-inside-inner-col:before{border-top-left-radius:0px;border-top-right-radius:0px;border-bottom-right-radius:0px;border-bottom-left-radius:0px;}.kadence-column691_243eaf-70 > .kt-inside-inner-col{column-gap:var(--global-kb-gap-sm, 1rem);}.kadence-column691_243eaf-70 > .kt-inside-inner-col{flex-direction:column;}.kadence-column691_243eaf-70 > .kt-inside-inner-col > .aligncenter{width:100%;}.kadence-column691_243eaf-70 > .kt-inside-inner-col:before{opacity:0.3;}.kadence-column691_243eaf-70{position:relative;}@media all and (max-width: 1024px){.kadence-column691_243eaf-70 > .kt-inside-inner-col{flex-direction:column;justify-content:center;}}@media all and (max-width: 767px){.kadence-column691_243eaf-70 > .kt-inside-inner-col{flex-direction:column;justify-content:center;}}<\/style>\n<div class=\"wp-block-kadence-column kadence-column691_243eaf-70\"><div class=\"kt-inside-inner-col\">\n<figure data-wp-context=\"{&quot;imageId&quot;:&quot;69ece18401650&quot;}\" data-wp-interactive=\"core\/image\" data-wp-key=\"69ece18401650\" class=\"wp-block-image size-full is-resized is-style-default wp-lightbox-container\"><img loading=\"lazy\" decoding=\"async\" width=\"233\" height=\"233\" data-wp-class--hide=\"state.isContentHidden\" data-wp-class--show=\"state.isContentVisible\" data-wp-init=\"callbacks.setButtonStyles\" data-wp-on--click=\"actions.showLightbox\" data-wp-on--load=\"callbacks.setButtonStyles\" data-wp-on-window--resize=\"callbacks.setButtonStyles\" src=\"http:\/\/theflyingbike.be\/wp-content\/uploads\/2024\/02\/ostheo-a-velo-232x300-1.jpg\" alt=\"\" class=\"wp-image-664\" style=\"width:278px;height:auto\" srcset=\"https:\/\/theflyingbike.be\/wp-content\/uploads\/2024\/02\/ostheo-a-velo-232x300-1.jpg 233w, https:\/\/theflyingbike.be\/wp-content\/uploads\/2024\/02\/ostheo-a-velo-232x300-1-150x150.jpg 150w\" sizes=\"auto, (max-width: 233px) 100vw, 233px\" \/><button\n\t\t\tclass=\"lightbox-trigger\"\n\t\t\ttype=\"button\"\n\t\t\taria-haspopup=\"dialog\"\n\t\t\taria-label=\"Agrandir\"\n\t\t\tdata-wp-init=\"callbacks.initTriggerButton\"\n\t\t\tdata-wp-on--click=\"actions.showLightbox\"\n\t\t\tdata-wp-style--right=\"state.imageButtonRight\"\n\t\t\tdata-wp-style--top=\"state.imageButtonTop\"\n\t\t>\n\t\t\t<svg xmlns=\"http:\/\/www.w3.org\/2000\/svg\" width=\"12\" height=\"12\" fill=\"none\" viewBox=\"0 0 12 12\">\n\t\t\t\t<path fill=\"#fff\" d=\"M2 0a2 2 0 0 0-2 2v2h1.5V2a.5.5 0 0 1 .5-.5h2V0H2Zm2 10.5H2a.5.5 0 0 1-.5-.5V8H0v2a2 2 0 0 0 2 2h2v-1.5ZM8 12v-1.5h2a.5.5 0 0 0 .5-.5V8H12v2a2 2 0 0 1-2 2H8Zm2-12a2 2 0 0 1 2 2v2h-1.5V2a.5.5 0 0 0-.5-.5H8V0h2Z\" \/>\n\t\t\t<\/svg>\n\t\t<\/button><\/figure>\n<\/div><\/div>\n\n\n<style>.kadence-column691_927893-09 > .kt-inside-inner-col,.kadence-column691_927893-09 > .kt-inside-inner-col:before{border-top-left-radius:0px;border-top-right-radius:0px;border-bottom-right-radius:0px;border-bottom-left-radius:0px;}.kadence-column691_927893-09 > .kt-inside-inner-col{column-gap:var(--global-kb-gap-sm, 1rem);}.kadence-column691_927893-09 > .kt-inside-inner-col{flex-direction:column;}.kadence-column691_927893-09 > .kt-inside-inner-col > .aligncenter{width:100%;}.kadence-column691_927893-09 > .kt-inside-inner-col:before{opacity:0.3;}.kadence-column691_927893-09{position:relative;}@media all and (max-width: 1024px){.kadence-column691_927893-09 > .kt-inside-inner-col{flex-direction:column;justify-content:center;}}@media all and (max-width: 767px){.kadence-column691_927893-09 > .kt-inside-inner-col{flex-direction:column;justify-content:center;}}<\/style>\n<div class=\"wp-block-kadence-column kadence-column691_927893-09\"><div class=\"kt-inside-inner-col\">\n<figure data-wp-context=\"{&quot;imageId&quot;:&quot;69ece18401a9e&quot;}\" data-wp-interactive=\"core\/image\" data-wp-key=\"69ece18401a9e\" class=\"wp-block-image size-full is-resized wp-lightbox-container\"><img loading=\"lazy\" decoding=\"async\" width=\"1535\" height=\"1535\" data-wp-class--hide=\"state.isContentHidden\" data-wp-class--show=\"state.isContentVisible\" data-wp-init=\"callbacks.setButtonStyles\" data-wp-on--click=\"actions.showLightbox\" data-wp-on--load=\"callbacks.setButtonStyles\" data-wp-on-window--resize=\"callbacks.setButtonStyles\" src=\"http:\/\/theflyingbike.be\/wp-content\/uploads\/2024\/02\/image.jpg\" alt=\"\" class=\"wp-image-700\" style=\"width:283px;height:auto\" srcset=\"https:\/\/theflyingbike.be\/wp-content\/uploads\/2024\/02\/image.jpg 1535w, https:\/\/theflyingbike.be\/wp-content\/uploads\/2024\/02\/image-300x300.jpg 300w, https:\/\/theflyingbike.be\/wp-content\/uploads\/2024\/02\/image-1024x1024.jpg 1024w, https:\/\/theflyingbike.be\/wp-content\/uploads\/2024\/02\/image-150x150.jpg 150w, https:\/\/theflyingbike.be\/wp-content\/uploads\/2024\/02\/image-768x768.jpg 768w\" sizes=\"auto, (max-width: 1535px) 100vw, 1535px\" \/><button\n\t\t\tclass=\"lightbox-trigger\"\n\t\t\ttype=\"button\"\n\t\t\taria-haspopup=\"dialog\"\n\t\t\taria-label=\"Agrandir\"\n\t\t\tdata-wp-init=\"callbacks.initTriggerButton\"\n\t\t\tdata-wp-on--click=\"actions.showLightbox\"\n\t\t\tdata-wp-style--right=\"state.imageButtonRight\"\n\t\t\tdata-wp-style--top=\"state.imageButtonTop\"\n\t\t>\n\t\t\t<svg xmlns=\"http:\/\/www.w3.org\/2000\/svg\" width=\"12\" height=\"12\" fill=\"none\" viewBox=\"0 0 12 12\">\n\t\t\t\t<path fill=\"#fff\" d=\"M2 0a2 2 0 0 0-2 2v2h1.5V2a.5.5 0 0 1 .5-.5h2V0H2Zm2 10.5H2a.5.5 0 0 1-.5-.5V8H0v2a2 2 0 0 0 2 2h2v-1.5ZM8 12v-1.5h2a.5.5 0 0 0 .5-.5V8H12v2a2 2 0 0 1-2 2H8Zm2-12a2 2 0 0 1 2 2v2h-1.5V2a.5.5 0 0 0-.5-.5H8V0h2Z\" \/>\n\t\t\t<\/svg>\n\t\t<\/button><\/figure>\n<\/div><\/div>\n\n\n<style>.kadence-column691_402fb9-ed > .kt-inside-inner-col,.kadence-column691_402fb9-ed > .kt-inside-inner-col:before{border-top-left-radius:0px;border-top-right-radius:0px;border-bottom-right-radius:0px;border-bottom-left-radius:0px;}.kadence-column691_402fb9-ed > .kt-inside-inner-col{column-gap:var(--global-kb-gap-sm, 1rem);}.kadence-column691_402fb9-ed > .kt-inside-inner-col{flex-direction:column;}.kadence-column691_402fb9-ed > .kt-inside-inner-col > .aligncenter{width:100%;}.kadence-column691_402fb9-ed > .kt-inside-inner-col:before{opacity:0.3;}.kadence-column691_402fb9-ed{position:relative;}@media all and (max-width: 1024px){.kadence-column691_402fb9-ed > .kt-inside-inner-col{flex-direction:column;justify-content:center;}}@media all and (max-width: 767px){.kadence-column691_402fb9-ed > .kt-inside-inner-col{flex-direction:column;justify-content:center;}}<\/style>\n<div class=\"wp-block-kadence-column kadence-column691_402fb9-ed\"><div class=\"kt-inside-inner-col\">\n<figure data-wp-context=\"{&quot;imageId&quot;:&quot;69ece18401ec0&quot;}\" data-wp-interactive=\"core\/image\" data-wp-key=\"69ece18401ec0\" class=\"wp-block-image size-full is-resized wp-lightbox-container\"><img loading=\"lazy\" decoding=\"async\" width=\"1480\" height=\"1480\" data-wp-class--hide=\"state.isContentHidden\" data-wp-class--show=\"state.isContentVisible\" data-wp-init=\"callbacks.setButtonStyles\" data-wp-on--click=\"actions.showLightbox\" data-wp-on--load=\"callbacks.setButtonStyles\" data-wp-on-window--resize=\"callbacks.setButtonStyles\" src=\"http:\/\/theflyingbike.be\/wp-content\/uploads\/2024\/02\/zyro-image-1.jpg\" alt=\"\" class=\"wp-image-696\" style=\"width:279px;height:auto\" srcset=\"https:\/\/theflyingbike.be\/wp-content\/uploads\/2024\/02\/zyro-image-1.jpg 1480w, https:\/\/theflyingbike.be\/wp-content\/uploads\/2024\/02\/zyro-image-1-300x300.jpg 300w, https:\/\/theflyingbike.be\/wp-content\/uploads\/2024\/02\/zyro-image-1-1024x1024.jpg 1024w, https:\/\/theflyingbike.be\/wp-content\/uploads\/2024\/02\/zyro-image-1-150x150.jpg 150w, https:\/\/theflyingbike.be\/wp-content\/uploads\/2024\/02\/zyro-image-1-768x768.jpg 768w\" sizes=\"auto, (max-width: 1480px) 100vw, 1480px\" \/><button\n\t\t\tclass=\"lightbox-trigger\"\n\t\t\ttype=\"button\"\n\t\t\taria-haspopup=\"dialog\"\n\t\t\taria-label=\"Agrandir\"\n\t\t\tdata-wp-init=\"callbacks.initTriggerButton\"\n\t\t\tdata-wp-on--click=\"actions.showLightbox\"\n\t\t\tdata-wp-style--right=\"state.imageButtonRight\"\n\t\t\tdata-wp-style--top=\"state.imageButtonTop\"\n\t\t>\n\t\t\t<svg xmlns=\"http:\/\/www.w3.org\/2000\/svg\" width=\"12\" height=\"12\" fill=\"none\" viewBox=\"0 0 12 12\">\n\t\t\t\t<path fill=\"#fff\" d=\"M2 0a2 2 0 0 0-2 2v2h1.5V2a.5.5 0 0 1 .5-.5h2V0H2Zm2 10.5H2a.5.5 0 0 1-.5-.5V8H0v2a2 2 0 0 0 2 2h2v-1.5ZM8 12v-1.5h2a.5.5 0 0 0 .5-.5V8H12v2a2 2 0 0 1-2 2H8Zm2-12a2 2 0 0 1 2 2v2h-1.5V2a.5.5 0 0 0-.5-.5H8V0h2Z\" \/>\n\t\t\t<\/svg>\n\t\t<\/button><\/figure>\n<\/div><\/div>\n\n<\/div><\/div><\/div><\/div>\n","protected":false},"excerpt":{"rendered":"<p>Mobilit\u00e9 verte Bienvenue chez The Flying Bike ! En tant qu&#8217;\u00e9lectricien \u00e9coresponsable, je privil\u00e9gie le v\u00e9lo cargo, contribuant ainsi \u00e0 la pr\u00e9servation de l&#8217;environnement. Avantages de la Mobilit\u00e9 Verte : Chaque d\u00e9placement \u00e0 v\u00e9lo n&#8217;est pas seulement un choix \u00e9cologique, mais une d\u00e9claration d&#8217;engagement envers la durabilit\u00e9 et la qualit\u00e9 de service.<\/p>\n","protected":false},"author":1,"featured_media":0,"parent":0,"menu_order":0,"comment_status":"closed","ping_status":"closed","template":"","meta":{"_kadence_starter_templates_imported_post":false,"_kad_post_transparent":"","_kad_post_title":"","_kad_post_layout":"normal","_kad_post_sidebar_id":"","_kad_post_content_style":"","_kad_post_vertical_padding":"","_kad_post_feature":"","_kad_post_feature_position":"","_kad_post_header":false,"_kad_post_footer":false,"_kad_post_classname":"","footnotes":""},"class_list":["post-691","page","type-page","status-publish","hentry"],"_links":{"self":[{"href":"https:\/\/theflyingbike.be\/index.php?rest_route=\/wp\/v2\/pages\/691","targetHints":{"allow":["GET"]}}],"collection":[{"href":"https:\/\/theflyingbike.be\/index.php?rest_route=\/wp\/v2\/pages"}],"about":[{"href":"https:\/\/theflyingbike.be\/index.php?rest_route=\/wp\/v2\/types\/page"}],"author":[{"embeddable":true,"href":"https:\/\/theflyingbike.be\/index.php?rest_route=\/wp\/v2\/users\/1"}],"replies":[{"embeddable":true,"href":"https:\/\/theflyingbike.be\/index.php?rest_route=%2Fwp%2Fv2%2Fcomments&post=691"}],"version-history":[{"count":2,"href":"https:\/\/theflyingbike.be\/index.php?rest_route=\/wp\/v2\/pages\/691\/revisions"}],"predecessor-version":[{"id":705,"href":"https:\/\/theflyingbike.be\/index.php?rest_route=\/wp\/v2\/pages\/691\/revisions\/705"}],"wp:attachment":[{"href":"https:\/\/theflyingbike.be\/index.php?rest_route=%2Fwp%2Fv2%2Fmedia&parent=691"}],"curies":[{"name":"wp","href":"https:\/\/api.w.org\/{rel}","templated":true}]}}